{"id":17,"date":"2025-02-15T12:37:13","date_gmt":"2025-02-15T11:37:13","guid":{"rendered":"http:\/\/4leafclovertrust.org\/?page_id=17"},"modified":"2025-06-15T08:30:16","modified_gmt":"2025-06-15T06:30:16","slug":"motivation","status":"publish","type":"page","link":"https:\/\/4leafclovertrust.org\/index.php\/motivation\/","title":{"rendered":"Motivation"},"content":{"rendered":"\n<p>Ziel der 4LeafCloverTrust Stiftung ist die gezielte F\u00f6rderung von gemeinn\u00fctzigen Projekten. Eine <a href=\"http:\/\/4leafclovertrust.org\/index.php\/aktivitaeten\/\" data-type=\"page\" data-id=\"96\">\u00dcbersicht laufender Aktivit\u00e4ten befinden sie hier<\/a>.<\/p>\n","protected":false},"excerpt":{"rendered":"<p>Ziel der 4LeafCloverTrust Stiftung ist die gezielte F\u00f6rderung von gemeinn\u00fctzigen Projekten. Eine \u00dcbersicht laufender Aktivit\u00e4ten befinden sie hier.<\/p>\n","protected":false},"author":1,"featured_media":0,"parent":0,"menu_order":0,"comment_status":"closed","ping_status":"closed","template":"","meta":{"footnotes":""},"class_list":["post-17","page","type-page","status-publish"],"_links":{"self":[{"href":"https:\/\/4leafclovertrust.org\/index.php\/wp-json\/wp\/v2\/pages\/17","targetHints":{"allow":["GET"]}}],"collection":[{"href":"https:\/\/4leafclovertrust.org\/index.php\/wp-json\/wp\/v2\/pages"}],"about":[{"href":"https:\/\/4leafclovertrust.org\/index.php\/wp-json\/wp\/v2\/types\/page"}],"author":[{"embeddable":true,"href":"https:\/\/4leafclovertrust.org\/index.php\/wp-json\/wp\/v2\/users\/1"}],"replies":[{"embeddable":true,"href":"https:\/\/4leafclovertrust.org\/index.php\/wp-json\/wp\/v2\/comments?post=17"}],"version-history":[{"count":9,"href":"https:\/\/4leafclovertrust.org\/index.php\/wp-json\/wp\/v2\/pages\/17\/revisions"}],"predecessor-version":[{"id":128,"href":"https:\/\/4leafclovertrust.org\/index.php\/wp-json\/wp\/v2\/pages\/17\/revisions\/128"}],"wp:attachment":[{"href":"https:\/\/4leafclovertrust.org\/index.php\/wp-json\/wp\/v2\/media?parent=17"}],"curies":[{"name":"wp","href":"https:\/\/api.w.org\/{rel}","templated":true}]}}